ndreds digit of 146357357?
3
What is the hundred millions digit of 153312274?
1
What is the ten thousands digit of 2080226859?
2
What is the ten thousands digit of 5468960938?
6
What is the thousands digit of 2718523641?
3
What is the ten millions digit of 312356088?
1
What is the hundreds digit of 98069874?
8
What is the millions digit of 135437478?
5
What is the ten millions digit of 1356660718?
5
What is the ten millions digit of 11352956?
1
What is the thousands digit of 240147839?
7
What is the hundred thousands digit of 447139762?
1
What is the ten thousands digit of 131895915?
9
What is the thousands digit of 128607475?
7
What is the hundreds digit of 84775092?
0
What is the units digit of 147924379?
9
What is the ten thousands digit of 22824642?
2
What is the ten thousands digit of 2701409214?
0
What is the thousands digit of 54153414?
3
What is the ten thousands digit of 937578252?
7
What is the ten thousands digit of 3540618746?
1
What is the units digit of 3219744013?
3
What is the tens digit of 211634505?
0
What is the ten thousands digit of 1114216847?
1
What is the hundreds digit of 3425698425?
4
What is the millions digit of 38371028?
8
What is the millions digit of 112004110?
2
What is the ten thousands digit of 2212309396?
0
What is the millions digit of 9285424158?
5
What is the units digit of 60163709?
9
What is the tens digit of 59779902?
0
What is the tens digit of 38829994?
9
What is the hundreds digit of 516977153?
1
What is the millions digit of 284256396?
4
What is the millions digit of 101137038?
1
What is the hundreds digit of 30181072?
0
What is the millions digit of 216521370?
6
What is the ten thousands digit of 7059381?
5
What is the thousands digit of 1309393077?
3
What is the tens digit of 33877144?
4
What is the thousands digit of 817119550?
9
What is the ten millions digit of 1814111237?
1
What is the millions digit of 249319675?
9
What is the hundred millions digit of 1441840014?
4
What is the ten thousands digit of 200960840?
6
What is the hundred thousands digit of 565840100?
8
What is the millions digit of 731048505?
1
What is the units digit of 178479060?
0
What is the tens digit of 11054944?
4
What is the hundreds digit of 1889887119?
1
What is the hundred millions digit of 2495710417?
4
What is the ten thousands digit of 4156218092?
1
What is the thousands digit of 2370252710?
2
What is the units digit of 120237534?
4
What is the tens digit of 41328863?
6
What is the hundreds digit of 43421914?
9
What is the units digit of 2785147160?
0
What is the millions digit of 301479070?
1
What is the tens digit of 54745677?
7
What is the thousands digit of 59051293?
1
What is the ten thousands digit of 77785826?
8
What is the ten thousands digit of 363589967?
8
What is the ten millions digit of 86181742?
8
What is the hundred thousands digit of 1479960082?
9
What is the units digit of 27529854?
4
What is the hundred thousands digit of 300665250?
6
What is the ten millions digit of 154714082?
5
What is the hundreds digit of 45809359?
3
What is the millions digit of 134558989?
4
What is the ten thousands digit of 42177317?
7
What is the hundreds digit of 2729485369?
3
What is the tens digit of 104325484?
8
What is the tens digit of 39836875?
7
What is the millions digit of 2586546690?
6
What is the tens digit of 880913953?
5
What is the hundreds digit of 463466852?
8
What is the ten thousands digit of 153325886?
2
What is the hundreds digit of 5134130702?
7
What is the thousands digit of 30816059?
6
What is the ten thousands digit of 20261542?
6
What is the hundreds digit of 4659825400?
4
What is the ten millions digit of 117794938?
1
What is the ten thousands digit of 179261802?
6
What is the ten millions digit of 372988121?
7
What is the tens digit of 256974618?
1
What is the hundred thousands digit of 103301269?
3
What is the ten thousands digit of 85796307?
9
What is the hundred millions digit of 2332633447?
3
What is the ten millions digit of 1368147960?
6
What is the ten millions digit of 36034371?
3
What is the tens digit of 76368631?
3
What is the thousands digit of 152844728?
4
What is the thousands digit of 44551443?
1
What is the hundred thousands digit of 245632304?
6
What is the ten thousands digit of 101546309?
4
What is the ten thousands digit of 172759150?
5
What is the ten thousands digit of 103027743?
2
What is the units digit of 514515612?
2
What is the hundred thousands digit of 75912949?
9
What is the millions digit of 13984795?
3
What is the tens digit of 66187703?
0
What is the tens digit of 90936623?
2
What is the millions digit of 23446262?
3
What is the tens digit of 153382550?
5
What is the ten millions digit of 21782862?
2
What is the hundreds digit of 81059555?
5
What is the millions digit of 305778888?
5
What is the hundred millions digit of 4115561717?
1
What is the tens digit of 33262252?
5
What is the hundred millions digit of 3848298457?
8
What is the units digit of 194016543?
3
What is the millions digit of 19963258?
9
What is the hundred thousands digit of 13811456?
8
What is the ten thousands digit of 822673312?
7
What is the millions digit of 42537941?
2
What is the hundred thousands digit of 579231025?
2
What is the hundreds digit of 6543709070?
0
What is the hundred millions digit of 2623246557?
6
What is the hundred thousands digit of 81125665?
1
What is the millions digit of 2531176075?
1
What is the units digit of 53632535?
5
What is the tens digit of 3526342?
4
What is the tens digit of 119166806?
0
What is the hundred thousands digit of 31407822?
4
What is the ten thousands digit of 100312817?
1
What is the thousands digit of 600092553?
2
What is the hundred millions digit of 117383206?
1
What is the hundred thousands digit of 50444854?
4
What is the units digit of 5916387133?
3
What is the hundred thousands digit of 2668316086?
3
What is the ten thousands digit of 148079020?
7
What is the thousands digit of 706441962?
1
What is the hundred thousands digit of 1412517558?
5
What is the ten thousands digit of 383841032?
4
What is the ten millions digit of 10459414?
1
What is the tens digit of 180380?
8
What is the hundred millions digit of 3285663327?
2
What is the ten thousands digit of 83007491?
0
What is the units digit of 203500481?
1
What is the hundred thousands digit of 282550806?
5
What is the tens digit of 4613492905?
0
What is the units digit of 37022093?
3
What is the hundred thousands digit of 6859618?
8
What is the ten thousands digit of 53378129?
7
What is the thousands digit of 4873385?
3
What is the ten millions digit of 22339005?
2
What is the hundred millions digit of 1149855525?
1
What is the hundred millions digit of 695457946?
6
What is the hundreds digit of 2612044414?
4
What is the ten thousands digit of 1946516976?
1
What is the tens digit of 995594701?
0
What is the units digit of 3706605666?
6
What is the ten thousands digit of 81965727?
6
What is the tens digit of 71177884?
8
What is the hundred thousands digit of 3133941582?
9
What is the hundreds digit of 90963371?
3
What is the ten thousands digit of 114404594?
0
What is the hundreds digit of 1299900103?
1
What is the ten thousands digit of 245794996?
9
What is the hundreds digit of 2725137324?
3
What is the ten millions digit of 2394346308?
9
What is the billions digit of 2142257029?
2
What is the tens digit of 99819817?
1
What is the hundred millions digit of 140441342?
1
What is the tens digit of 352339206?
0
What is the hundreds digit of 878711000?
0
What is the tens digit of 143119138?
3
What is the thousands digit of 572558163?
8
What is the hundred thousands digit of 1264429014?
4
What is the units digit of 156966822?
2
What is the units digit of 6025275?
5
What is the thousands digit of 422414413?
4
What is the tens digit of 671573244?
4
What is the ten thousands digit of 2375726407?
2
What is the ten thousands digit of 63112268?
1
What is the units digit of 354770233?
3
What is the tens digit of 27296666?
6
What is the hundreds digit of 36329102?
1
What is the units digit of 4141585686?
6
What is the hundred millions digit of 636797273?
6
What is the hundred thousands digit of 970469328?
4
What is the tens digit of 10766279?
7
What is the hundreds digit of 52660232?
2
What is th